
Evaluate 16 + -3 + (3 - 25) + 14.
5
68 + (-44 - -11) - 49
-14
What is the value of (106 - (-60 + 68)) + -42?
56
(-4 - (8 + -3)) + (7 + 42 - 31)
9
-99 + -5 + 129 + -86 + -12
-73
Calculate -26 - -31 - ((-1 - -117) + (49 - 62)).
-98
What is the value of -25 + (15 - 0 - (32 + -35)) + -11?
-18
What is -180 - -310 - (17 - -48)?
65
What is the value of (0 - (1 + 6) - 1) + 3 - (34 - 24)?
-15
349 + -273 + -127 + 12
-39
Calculate -28 - (1 + -16 - (2 + -19 - (160 + -173))).
-17
44 + (25 - 17 - (24 - (18 + -5) - 0))
41
(12 - 1) + 3 + -29 + -12 + -7
-34
Evaluate -4661 + 4611 - (-67 - 3).
20
What is 31 + -7 + -29 + 14 - (-1 + (-2 - -94))?
-82
What is -67 - (-96 - 79) - -2?
110
What is (-9 + (-11 - 6) - -56) + 49?
79
-1 - 8 - (74 + 2 + 89 + -101 + 17)
-90
What is 42 - (-3 + 30) - (10 - 38)?
43
-2 + 59 - (-3 - -17 - (48 - 41))
50
Evaluate -13 + 1 + 280 + -276 + (2 - 3) + -27.
-36
Calculate 74 + 1 + (-1 - (0 + -2)) + 1013 + -1012.
77
What is the value of (-18 - 25) + 106 + -24?
39
1221 + -1206 + -11 + (1 - 2) + -55
-52
Calculate 708 - 655 - (-1 + 3 + 8 + 1).
42
73 - (84 + -57 - -9)
37
-21 + 55 + -45 - ((1 - 1) + -13)
2
Calculate (91 - 106) + -36 - -38.
-13
Calculate ((19 - 42) + 20 - -15) + -67 + 0.
-55
Calculate (48 - 29 - (-1 - -2) - 109) + 18.
-73
Calculate (37 - ((21 - 5) + (-2 - -10))) + -1 + 1.
13
What is (62 + -32 - 14 - 55) + 3 + -1 + 2?
-35
What is -21 + -112 + 49 - (0 + 0 - (-1 - 10))?
-95
-14 + 8 + 8 + -8 + -2 + 2 + -40
-46
(0 - 0) + 5 + 157 + -181
-19
What is -91 - (36 + (0 - 84))?
-43
What is -2 + (79 - 41) + -68 - (0 - 5)?
-27
What is (-23 - 15) + -84 + 76 - 15?
-61
What is the value of 15 + -24 + 59 + -36?
14
173 - ((-102 - -163) + 83)
29
-5 - (5 - 5) - -116 - (30 - (-51 + 72))
102
Calculate (3 - (25 + -10 - 131) - 11 - 3) + 4.
109
-1182 - -1148 - (4 + -44)
6
Evaluate 10 - -30 - (6 - 36).
70
48 + (13 - (70 + 51))
-60
-122 + (36 - (-34 + 13))
-65
49 - 55 - -20 - ((3 - 4) + 4)
11
What is -76 + 79 - ((5 - 1 - -5) + 149 + 1)?
-156
Evaluate -5 + 102 - 33 - (15 + 1 - 6).
54
What is the value of 14 + 0 - (-10 + -5 + 6) - (-7 - 0)?
30
(-17 - (-29 + 51)) + 31
-8
Calculate (4 + -7 - (2 + -13 + 0)) + (61 - 80).
-11
Evaluate 14 + -1 + 10 + 0.
23
What is 32 + (20 - (4 - 5) - 35)?
18
Calculate -91 - (-51 - -14) - (4 + -8 - -8).
-58
What is the value of -71 + -41 + (-30 - -13 - -50)?
-79
What is 29 + -84 + 25 - -35 - -93?
98
-5 + -26 + 16 + (-6 + 73 + -9 - -7)
50
Calculate (1 - -27) + -2 + -30 + 311 + -282.
25
What is the value of -141 + 235 + (-152 - -24)?
-34
Evaluate 1 + (-29 + -53 + 97 - (22 - 0)) + -67.
-73
(-6 + 59 - (-11 + (-2 - -5) + 10)) + -5
46
Calculate -11 + -11 + (-2 - (-6 + -8)) + 33 + 3.
26
(-665 - -679 - ((-2 - -38) + -3)) + -19
-38
5 - (48 + (-24 + 3 - -26) + -4)
-44
Evaluate -113 + -28 + (-1 - -176).
34
-61 + 89 - ((87 - 3) + -8)
-48
53 + (40 + 20 - 77)
36
What is -16 + (-126 - (-7 + 3)) + -70 + 68?
-140
Evaluate -5 + 7 + -7 + 11 + (3 - (-6 - -52)).
-37
What is the value of 79 + (4 - 19 - -2) + -22?
44
-122 + 131 + -55 + 15
-31
Calculate -38 + 70 + -21 - 10 - (0 - -19).
-18
Evaluate (2 - 6 - (-8 - -13)) + (150 - 145).
-4
What is -7 + -5 + (-14 + 9 - -24)?
7
Evaluate 27 + 62 + -39 + -2 + -6 + 2.
44
Calculate (48 - 27 - (62 + 12)) + (7 - (-4 - -3)).
-45
Evaluate -31 + 25 - 41 - -3.
-44
Calculate -90 - ((72 - 168) + 113).
-107
What is -9 + -66 + (13 - 0) - -17?
-45
What is the value of (17 - 17 - 19) + 22 + -52?
-49
Calculate -31 - (36 - 38) - -3 - 3.
-29
Evaluate -6 + 7 + -12 + 17 + -9.
-3
Evaluate 77 - ((-101 - 25) + 69).
134
What is the value of 20 + (-91 - -27) + 24 + 1?
-19
What is the value of (7 + 3 - (-96 + 127 + (-7 - 1))) + -109?
-122
What is the value of 95 + -1 + -3448 + 3359?
5
What is the value of -25 - (-90 + (67 - 30))?
28
What is the value of -80 - -96 - (-6 + -1)?
23
Calculate (10 - (-34 - -10) - -40) + 10 + -2 + -1.
81
Evaluate 11 + (-3 - -8 - (-48 - -67)) + 59.
56
Calculate 51 + (-4 - -4 - (0 + 3 + (-10 - -3))).
55
36 - 0 - (-38 - (90 + -107))
57
Evaluate 2 + 8 + (10 + (25 - 50) - 7) - -52.
40
Calculate -21 + 0 + 58 + 130 + -91.
76
9 - 48 - -12 - (211 + -252)
14
Calculate -9 + 38 + 2 - (-15 + 45).
1
-130 - (-220 - (20 + -18))
92
What is the value of -28 - (1 + 17 + (34 - 23 - 12))?
-45
1 + -48 + (-11 - -3) + -6 + 26
-35
Calculate -62 + 17 + -73 - -74.
-44
What is 41 - (-45 + 54 + -4)?
36
What is the value of (11 - -38) + (3 - 26) - -25?
51
-3 - 47 - (122 - 184)
12
Evaluate -10 + (-9 - -56) + -24 + -15.
-2
What is -13 + (30 - -52) + -175?
-106
What is -86 + (-93 - -58) - (0 + -27)?
-94
Evaluate -17 - (29 - 18) - -52 - (91 - 4).
-63
Evaluate (3 - -2 - -54) + (2 - (2 - 4)) + -16.
47
(89 + -82 - (4 - -9 - -1)) + -114
-121
80 - (24 - -14) - 43
-1
What is the value of -73 + -1 - ((33 - -29) + -30)?
-106
Calculate -8 + -9 + 150 + (9 - (2 - 16)) + -21.
135
(0 - ((-4 - -2) + 20)) + (-5329 - -5339)
-8
128 - (12 - 25) - 99
42
What is the value of 3 + (-3 + 2 - (20 - (6 + (-10 - -18))))?
-4
Calculate 79 + (-37 + 57 + -31 - (1 - 0)).
67
What is the value of (0 + 1 - (-13 + 38)) + (-5 - (7 + -15))?
-21
Calculate 17 - (-2 - (5 + -13 + -6 + 12)).
17
What is 32 + -11 + -32 - -76?
65
Evaluate (72 - 1) + (-29 - -10 - -11) - (7 + -14).
70
What is 161 - (76 + -64 - -89)?
60
Calculate -55 - ((1 - -6) + -13) - (5 + 18 + -18).
-54
Evaluate -4 - (-23 + (-10 - 15) + 21).
23
499 + -497 - (1 + 2 - 1 - 4)
4
Calculate 84 - (-147 + 185 - (13 - -3)).
62
What is the value of (15 + (-10 - -10) - (15 - 10)) + 19?
29
What is -4 - (-12 - (-42 + (21 - -5)))?
-8
Evaluate (-29 - 50) + 73 - (14 - -1).
-21
5 + -60 + 396 + -280
61
Calculate 7 - (1 - 8) - (25 + -27 - 46).
62
What is 1 + 6 - (-201 + -46 + 273)?
-19
Calculate 56 + -233 + 27 + 79.
-71
What is (41 + -103 - -55) + 7?
0
What is the value of 1690 - 1698 - (-2 - -32)?
-38
Calculate -21 + (59 - (137 + -97)).
-2
Calculate 24 + -83 + -61 + 52.
-68
18 - (-13 + 4 + (21 - 1)) - 15
-8
(46 - (65 - -29)) + 81
33
What is -2 + 5 + 10 + -4 + (-3 - (11 - 20))?
15
What is the value of -4 + (14 - 15) + 8 - (30 - 10) - -8?
-9
What is -8 + -5 + -52 + -4 + 29?
-40
(0 - 13) + (-4 - (14 + -42 - -12))
-1
(36 - 30) + 2 + -43 - -19
-16
51 + (11 - 50) + 1
13
What is 4 + ((104 - 127) + (0 - -10) - -24) + 54?
69
-141 - (-136 + 15 + -120)
100
What is -7 + -10 + (-12 - (4 - 12)) - 0?
-21
Calculate -64 + (7 - (0 + 6 + (-16 - -16)) - 2).
-65
What is the value of -63 - (213 - 138 - 91)?
-47
(-2 - 9) + -79 + 94 + 9 + 28
41
Calculate (-6 - -4) + 58 + 12 + -7 + -19.
42
What is -76 + 58 + (-2 - (-14 - 1) - (-12 + 17))?
-10
Evaluate -51 + 23 + (19 - 44).
-53
What is the value of 5 + 5 - (0 + (2 - -2) - (-5 + 4))?
5
What is 4 + 1 - (-3 + ((2 - -4) + -6 - 3))?
11
Calculate (-780 - -811) + (-24 - -13).
20
What is 25 - (89 - 58) - (58 + 0)?
-64
Evaluate 0 + 11 + (-33 + 18 - -50).
46
Evaluate 109 + -57 + -19 - (13 + -5 + 2).
23
174 + -174 - (8 + 2 + 0) - 10
-20
Calculate -15 - (-3 + -5 + -1 + 22).
-28
What is the value of 82 - (21 - (-28 + 35 + 4))?
72
What is the value of -78 + (71 - 50 - -14)?
-43
Calculate 36 + 48 - (93 + 70).
-79
What is 14 + (-26 + 32 - (2 + 6)) + -13 - 139?
-140
Evaluate (41 + -127 - -99) + -114 + (5 - 3).
-99
Calculate -15 + (30 - 27) - (3 + (-30 - -8)).
7
Calculate -87 + 0 + 4 - (-22 - (-19 + 25 + -20)).
-75
Evaluate 43 - (9 - -53) - (-35 - 1).
17
What is the value of -1 - (-10 - ((-19 - -2) + 13)) - 0?
5
(-12 - -1 - -2) + (56 + 28 - 70 - 44)
-39
What is 26 - (-53 - (-86 - 63))?
-70
-5 + 1 - (55 - (38 - 17) - 1)
-37
Evaluate -7 + (45 - 36 - 10) - (0 + -75).
67
What is (-3 - -7) + -4 + 4 + (-4 + 14 - -1)?
15
52 - (-13 - -17) - (23 + -6 + -39)
70
49 - ((1 - 15) + (294 - 268))
37
What is 103 + -1 + (2290 - 2352)?
40
What is -66 - -67 - (1 + (5 - 3) + 1 + -60)?
57
What is -31 + (19 - 32) - (37 - 44)?
-37
Calculate (-7 + (7 - 2) - -5) + 500 + -490.
13
3 + 11 + -9 + -6 - 27
-28
What is the value of (-24 - -18 - -48) + -40?
2
Evaluate -221 - -207 - (-1 + 3) - -10.
-6
What is the value of (-12 - -11) + -29 + 1 + 18 + -61?
-72
(-11 - 3) + -6 + (1 - -10) + 22
13
(-4 - -43) + -50 + (22 - 41)
-30
What is -67 + 92 + (-46 - -63)?
42
What is the value of 61 + 0 + (-131 - -112) + (6 - 13 - 6)?
29
What is the value of 16 + -16 - -41 - (6 - -3)?
32
Calculate -54 - (128 - (179 - 91)).
-94
Calculate (-31 + 30 - (14 + 1 + -6)) + -8 + 0.
-18